/(-3))/(3/75).
3, 5
Let r(w) = 24*w**2 - 2*w - 1. Let c be r(-3). Suppose 5*v = 2*t - 83, -5*t - 3*v = -2*v - c. Let g = t - 19. What are the prime factors of g?
5
Suppose -5*z + 91 = -59. Let n be -3*8/(-3)*1. Suppose -n*p + z = -5*p. What are the prime factors of p?
2, 5
Suppose -l = 4, 30 = -2*d - 3*l - l. Let n(s) = s**2 + 3*s + 3. List the prime factors of n(d).
31
Let o(i) = 5*i**2 + 2*i - 6. Let c be o(-6). Suppose m = -3*g + 17 + c, -3*g = -4*m - 169. List the prime factors of g.
59
Suppose -24*r + 760 + 2384 = 0. List the prime factors of r.
131
Suppose 4*x + x = -h - 20, 5*h = -25. Let c be x/(-12) + (-102)/24. What are the prime factors of -19*c/(12/3)?
19
Let h(q) = 2*q + 13. Let t be h(-8). Let k be 2/(((-3)/2)/t). Suppose k*z - i - 116 = -0*z, 102 = 3*z + 3*i. What are the prime factors of z?
2, 3, 5
Let j = -171 + 336. What are the prime factors of j?
3, 5, 11
Suppose 0 = -3*d + 6, 3*d - 50 = -2*s - 2*s. What are the prime factors of s?
11
Let n(x) = -x**3 + 4*x**2 - 5*x + 67. List the prime factors of n(-9).
5, 233
Let r be (-1212)/10*135/(-18). Suppose 21 = -8*k + r. List the prime factors of k.
3, 37
Let t be (-296*5)/(-5)*(-9)/(-12). Suppose 3*x + b - 97 = 2*x, -2*x + t = -5*b. List the prime factors of x.
101
Suppose 0 = -o - 5*j + 200 + 64, -4*j = 20. What are the prime factors of o?
17
List the prime factors of (5516/21)/(18/189).
2, 7, 197
Let x(i) = -i**2 + 3*i + 15. Suppose -6*m = 3*m. What are the prime factors of x(m)?
3, 5
Suppose -2*n = 2*x - 268, n - 122 = 4*x - 8*x. Let h = -91 + n. What are the prime factors of h?
47
Let w(r) = -r**3 + 22*r**2 + 48*r + 30. List the prime factors of w(23).
5, 11
Let o be (-211)/(1 + (-5)/10). Let r = -247 - o. What are the prime factors of r?
5, 7
Suppose 4*b - 1043 = -3*h + 8*b, 0 = -2*h - 3*b + 684. What are the prime factors of h?
3, 5, 23
Let d(i) = 2*i**3 + 4*i**2 + 1. Let n be d(3). Suppose -5*y + n = -49. List the prime factors of y.
2, 7
List the prime factors of 2498/3 - (5 - 65/15).
2, 13
List the prime factors of 223 + (-2*6)/2.
7, 31
Let k be ((-9)/(-6) - 3)*8. What are the prime factors of -4*249/k + 1*2?
5, 17
Let x(h) be the first derivative of -h**2/2 + 8*h + 4. Let i be x(5). Suppose 0 = -w - 3*q + 38, i*w + q - 124 = -3*q. What are the prime factors of w?
2, 11
What are the prime factors of 7*426 + (13 - (4 + 6))?
3, 5, 199
Let a(c) = -c + 10. Let d be a(5). Suppose -13 = d*u + 202. Let n = u - -93. What are the prime factors of n?
2, 5
Suppose c + 4 = 3*c, 30 = -u - 2*c. Let q = 41 + u. List the prime factors of (q - 7) + (-70)/(-1).
2, 5, 7
Suppose -10 = -2*i - 3*i. Suppose 0 = -3*a + i*f + 2500, -2*a - 4*f + 1464 + 192 = 0. List the prime factors of ((-1)/2)/((-13)/a).
2
Let h(k) = 3*k**2 + 11*k - 66. List the prime factors of h(11).
2, 11, 19
Let m = 17674 - 12608. What are the prime factors of m?
2, 17, 149
Let o(m) = m**3 + 10*m**2 + 11*m + 22. Let p be o(-9). Suppose -p*i + 759 - 207 = 4*v, 678 = 5*v + i. What are the prime factors of v?
3, 5
Let p(m) = -m + 8. Let x be p(6). Suppose 5*z = r + 9*z - 41, 205 = 5*r + x*z. List the prime factors of r.
41
Let g = 1 - 5. What are the prime factors of 4/(8/110) - g/(-4)?
2, 3
Let i be (-15)/(-10)*296/(-12). Let h = 21 - i. List the prime factors of h.
2, 29
Let d(k) = -10*k + 12. Let c be d(11). Let j = c + 181. What are the prime factors of j?
83
Let q(s) = -s**3 - 3*s**2 + s + 3. Let k be q(-3). Suppose -2*c + 12 + 54 = k. What are the prime factors of c?
3, 11
Let s(o) = -4 - o**2 + 0*o**3 - 5*o - 4*o**2 - 2*o**2 - 2*o**3. List the prime factors of s(-5).
2, 3
Suppose -5*g + 4*n - 1 = 18, -5*g - 10 = 5*n. Let s be g/(-12)*2*0. Suppose s = -0*z + 2*z, -z = -3*j + 105. List the prime factors of j.
5, 7
Let u(b) = b**3 - 2*b**2 + 2*b - 11. Let z be u(3). Suppose -396 = z*g - 7*g. List the prime factors of g.
2, 3, 11
Suppose -y - 6 = -4, -5*y = 5*j - 640. List the prime factors of j.
2, 5, 13
Let h = 27 + -23. Suppose 8*u - 3*u - 140 = -3*s, 3*s + h*u - 136 = 0. What are the prime factors of s?
2, 5
Let a = -1 + 2. Let o(i) be the third derivative of 7*i**5/20 + i**3/6 + 2*i**2. List the prime factors of o(a).
2, 11
Let f be (1186/3)/(25/15 - 1). Suppose -3*v - 4*l + f = -9*l, 5*v - l = 1003. What are the prime factors of v?
3, 67
Let j be 3/2*372/9. Let b = 128 - j. What are the prime factors of b?
2, 3, 11
Let d(v) = -104*v - 332. What are the prime factors of d(-6)?
2, 73
Suppose 11*y - 4*y - 1736 = 0. What are the prime factors of y?
2, 31
Suppose s + s = 0. Suppose s*m + m = 106. List the prime factors of m.
2, 53
Let s be (-153)/7 - 6/42. Let r = s + 49. Suppose 95 = 2*z + r. List the prime factors of z.
2, 17
Let j(c) be the first derivative of c**2/2 - 3*c + 3. Let k be j(5). Suppose 3 - 13 = -k*n. What are the prime factors of n?
5
Let h be (3/(-15))/(2/(-10)). Let y = h + 7. Suppose i = y + 42. What are the prime factors of i?
2, 5
Suppose 0 = -5*k + 2*d + 1, -5*d = 5*k - 0*d - 15. Suppose 2*w + 5*h - 3 - k = 0, 4*w - 28 = -5*h. List the prime factors of 4 - (-6)/2*w.
2, 5
Suppose -5*u - 208 = -5*i - 548, 3*u + 5*i - 180 = 0. Let s = 12 + u. What are the prime factors of s?
7, 11
Let p(g) = -g + 60. List the prime factors of p(17).
43
Suppose 0 = -3*d - 50 - 25. Let w = 28 + d. Suppose 58 = w*l - 0*o + 2*o, 3*l + 5*o - 46 = 0. What are the prime factors of l?
2, 11
Let t be 727/4 - ((-1)/(-4))/(-1). Suppose p - t = -4*y, y = -2*p + 4*y + 331. List the prime factors of p.
2, 5, 17
Suppose 0 = -l - 3*l, -4*n + 3*l + 440 = 0. What are the prime factors of n?
2, 5, 11
Let w = -50 - -50. Suppose w = 6*x - 294 + 42. List the prime factors of x.
2, 3, 7
Let j = -16 + 12. Let r(u) be the second derivative of u**4/12 + u**3/2 - u**2/2 + 4*u. List the prime factors of r(j).
3
Let d be ((-3)/(-6))/(-1)*-2. Suppose d - 5 = -a. Suppose 2*w + a = 24. List the prime factors of w.
2, 5
Let x(t) = -t**2 + 12*t - 18. Let u be x(10). Suppose -365 = -u*g + 9. List the prime factors of g.
11, 17
Let u = -6 - 6. Let d be 18*(8/u - -1). Let t = d - -1. What are the prime factors of t?
7
Suppose -o - 3032 = -5*j, -4*j + 3*o = j - 3036. List the prime factors of j.
2, 3, 101
Let o(c) be the first derivative of c**2/2 - 4*c - 3. Let g be o(4). Suppose g = -3*x - 5*s + 65, 0 = -3*x + s - 11 + 106. What are the prime factors of x?
2, 3, 5
Let x(j) = j**3 - 7*j**2 + 4*j - 2. Let y be x(6). Let i(f) = f + 32. Let g be i(y). What are the prime factors of (-24)/108 + 400/g?
2, 11
Let v be (-4 + 4 + 0)/(-1). Suppose 5*k - 6*k + 225 = 0. Suppose -4*c + c + k = v. What are the prime factors of c?
3, 5
Suppose 0 = l - 11 + 3. Suppose -m - l = -3*m. List the prime factors of (-1)/m - (-588)/48.
2, 3
Let a(n) = n**3 - 6*n**2 - 12*n - 5. Suppose h - j = 2*j + 18, 3*j - 27 = -4*h. List the prime factors of a(h).
2, 5, 13
List the prime factors of (-2)/12 + 21151/78.
271
Let l be -8*(4 - (-18)/(-4)). Let v be 4 - (-2 - 40/l). Suppose 2*b = v + 110. List the prime factors of b.
3, 7
Let s be 0 + 3 + -4 + 6. Suppose -2*c + 0*c = -3*u - 404, c - s*u = 195. List the prime factors of c.
5, 41
Suppose 5*r - 4*r - 2*c - 66 = 0, 3 = -3*c. Suppose x - r = 18. What are the prime factors of x?
2, 41
What are the prime factors of -9 + (359 - 6) - (-15)/(-3)?
3, 113
Let f(k) = 23*k**2 + 7*k + 10. Suppose -5*b - 24 = -14. List the prime factors of f(b).
2, 11
Suppose 0 = v - 38 - 424. List the prime factors of v.
2, 3, 7, 11
Suppose -8*z + 1629 = -4739. List the prime factors of z.
2, 199
Suppose -74*f + 72*f - 11594 = -4*s, 2*s - 5785 = -3*f. List the prime factors of s.
2897
Let z = 15 + -12. Suppose -217 = -10*o + z*o. List the prime factors of o.
31
Let g = 2 - 2. Suppose 5*m - 20 = 0, -5*q - 4*m + 17 + 129 = g. What are the prime factors of q?
2, 13
Let s = -9 - -14. Suppose s*g - 9 - 1 = 0. Suppose 3*f = 3*p - 18, -3*p + 0*f - g*f = -3. List the prime factors of p.
3
Let b(j) = -12. Let o(u) = -u - 1. Let a(h) = 3*b(h) - 12*o(h). List the prime factors of a(9).
2, 3, 7
Suppose -r - 4*r = -5*o + 430, 0 = -4*o - 3*r + 351. Let a(u) = u**2 + 4*u - 3. Let f be a(-5). Suppose t - o = -f*t. List the prime factors of t.
29
Let r = -22 - -3. Let k(g) = 8*g - 1. Let f be k(5). Let b = f + r. List the prime factors of b.
2, 5
Let f(h) = -h**3 + 15*h + 11